hat is the remainder when 3584172 is divided by 45369?
21
Calculate the remainder when 330254 is divided by 1093.
168
Calculate the remainder when 287765 is divided by 1314.
1313
What is the remainder when 27653 is divided by 8220?
2993
What is the remainder when 2394779 is divided by 8036?
51
Calculate the remainder when 28715392 is divided by 210.
202
What is the remainder when 14287987 is divided by 28?
7
Calculate the remainder when 8360093 is divided by 4652.
449
Calculate the remainder when 14360161 is divided by 277.
204
What is the remainder when 407199 is divided by 5577?
78
What is the remainder when 253563 is divided by 183?
108
What is the remainder when 80521 is divided by 26786?
163
What is the remainder when 379936 is divided by 83?
45
Calculate the remainder when 10536429 is divided by 10.
9
What is the remainder when 28012061 is divided by 9337343?
32
What is the remainder when 90131 is divided by 1385?
106
What is the remainder when 6259007 is divided by 6258997?
10
What is the remainder when 299868 is divided by 84?
72
What is the remainder when 3636854 is divided by 1045?
254
What is the remainder when 9532278 is divided by 60330?
138
What is the remainder when 62222261 is divided by 371?
367
Calculate the remainder when 4218448 is divided by 148.
4
What is the remainder when 14827797 is divided by 104?
101
Calculate the remainder when 180849785 is divided by 35.
25
Calculate the remainder when 95695278 is divided by 260.
198
Calculate the remainder when 4320 is divided by 1179.
783
Calculate the remainder when 5024228 is divided by 725.
703
What is the remainder when 608979 is divided by 731?
56
What is the remainder when 29607749 is divided by 910?
899
What is the remainder when 1788509 is divided by 191?
176
Calculate the remainder when 16379 is divided by 5144.
947
What is the remainder when 20103364 is divided by 6380?
6364
What is the remainder when 67491 is divided by 966?
837
What is the remainder when 452881 is divided by 876?
865
What is the remainder when 1315007 is divided by 187857?
8
Calculate the remainder when 60794501 is divided by 60794480.
21
Calculate the remainder when 10181 is divided by 2044.
2005
What is the remainder when 42464438 is divided by 1362?
2
What is the remainder when 115730 is divided by 11?
10
What is the remainder when 330623473 is divided by 1757?
1755
Calculate the remainder when 6420 is divided by 1377.
912
Calculate the remainder when 51807 is divided by 12548.
1615
Calculate the remainder when 441371 is divided by 1599.
47
What is the remainder when 83474 is divided by 13910?
14
What is the remainder when 139875 is divided by 2146?
385
Calculate the remainder when 30250 is divided by 1433.
157
Calculate the remainder when 16379277 is divided by 87.
48
Calculate the remainder when 9418197 is divided by 724475.
22
Calculate the remainder when 16790 is divided by 3793.
1618
What is the remainder when 388683 is divided by 3344?
779
Calculate the remainder when 769372 is divided by 42742.
16
What is the remainder when 8725647 is divided by 169?
8
Calculate the remainder when 787882 is divided by 56253.
340
What is the remainder when 2672145 is divided by 46?
5
Calculate the remainder when 876281 is divided by 87613.
151
What is the remainder when 323935343 is divided by 2286?
2285
Calculate the remainder when 14914710 is divided by 6014.
6004
Calculate the remainder when 2015256 is divided by 70.
26
What is the remainder when 294956 is divided by 2898?
2258
Calculate the remainder when 22115768 is divided by 272.
264
Calculate the remainder when 10789352 is divided by 16.
8
Calculate the remainder when 31623 is divided by 7696.
839
What is the remainder when 913368 is divided by 913358?
10
Calculate the remainder when 19133 is divided by 19071.
62
What is the remainder when 3186039 is divided by 4127?
4122
What is the remainder when 702404 is divided by 259?
255
Calculate the remainder when 27588072 is divided by 4598012.
0
What is the remainder when 351780 is divided by 1170?
780
Calculate the remainder when 27550169 is divided by 25893.
17
What is the remainder when 6468108 is divided by 105?
3
Calculate the remainder when 830487 is divided by 83.
72
What is the remainder when 6361831 is divided by 6361831?
0
Calculate the remainder when 30766659 is divided by 235.
224
Calculate the remainder when 54251142 is divided by 485.
12
Calculate the remainder when 5371617 is divided by 237.
12
What is the remainder when 7978550 is divided by 2081?
2077
Calculate the remainder when 32678 is divided by 284.
18
What is the remainder when 33177999 is divided by 2083?
2058
Calculate the remainder when 1095696 is divided by 547399.
898
What is the remainder when 4896637 is divided by 136017?
25
Calculate the remainder when 169604 is divided by 1072.
228
Calculate the remainder when 1608442 is divided by 535948.
598
Calculate the remainder when 29210238 is divided by 112.
78
Calculate the remainder when 4171657 is divided by 685.
7
Calculate the remainder when 364672 is divided by 184.
168
Calculate the remainder when 2143451 is divided by 135.
56
Calculate the remainder when 151092 is divided by 75142.
808
Calculate the remainder when 1067589 is divided by 26687.
109
Calculate the remainder when 8215127 is divided by 237.
233
What is the remainder when 62647 is divided by 692?
367
Calculate the remainder when 51519 is divided by 4635.
534
What is the remainder when 897897 is divided by 150?
147
Calculate the remainder when 6767 is divided by 1343.
52
Calculate the remainder when 43931912 is divided by 9.
5
What is the remainder when 277230 is divided by 301?
9
Calculate the remainder when 30991499 is divided by 6198299.
4
What is the remainder when 1188955 is divided by 10247?
303
Calculate the remainder when 1332796 is divided by 40.
36
What is the remainder when 51989182 is divided by 524?
522
Calculate the remainder when 275406 is divided by 60.
6
What is the remainder when 25679407 is divided by 855980?
7
Calculate the remainder when 63442364 is divided by 1368.
1364
What is the remainder when 209583 is divided by 1104?
927
What is the remainder when 149623902 is divided by 49874628?
18
What is the remainder when 2176552 is divided by 1040?
872
What is the remainder when 541196280 is divided by 95?
90
What is the remainder when 110100 is divided by 15469?
1817
Calculate the remainder when 532903 is divided by 48441.
52
Calculate the remainder when 11032807 is divided by 2206558.
17
What is the remainder when 358856 is divided by 71770?
6
What is the remainder when 17241 is divided by 5100?
1941
Calculate the remainder when 49234089 is divided by 120.
9
Calculate the remainder when 25539965 is divided by 40.
5
Calculate the remainder when 15524261 is divided by 276.
89
What is the remainder when 17402956 is divided by 8701455?
46
What is the remainder when 36180 is divided by 3527?
910
What is the remainder when 5408436 is divided by 91668?
24
Calculate the remainder when 34317 is divided by 34289.
28
What is the remainder when 349174 is divided by 4324?
3254
Calculate the remainder when 15090 is divided by 541.
483
What is the remainder when 9749010 is divided by 2437252?
2
Calculate the remainder when 880769 is divided by 469.
456
Calculate the remainder when 18152175 is divided by 3202.
37
Calculate the remainder when 7240 is divided by 7067.
173
What is the remainder when 101315 is divided by 14?
11
What is the remainder when 307152 is divided by 8930?
3532
Calculate the remainder when 5018862 is divided by 5018804.
58
Calculate the remainder when 57528614 is divided by 2627.
2568
Calculate the remainder when 15655643 is divided by 19.
4
Calculate the remainder when 2217619 is divided by 188.
159
What is the remainder when 35099 is divided by 6547?
2364
Calculate the remainder when 4747633 is divided by 6.
1
What is the remainder when 344659 is divided by 269?
70
Calculate the remainder when 7142761 is divided by 223210.
41
What is the remainder when 9604055 is divided by 38?
11
What is the remainder when 1738367 is divided by 75581?
4
What is the remainder when 97357 is divided by 727?
666
What is the remainder when 101075986 is divided by 164?
162
What is the remainder when 153806 is